{"id":16965,"date":"2023-06-29T19:02:11","date_gmt":"2023-06-29T17:02:11","guid":{"rendered":"https:\/\/07052025.theatredesremparts.be\/?page_id=16965"},"modified":"2024-11-07T17:10:28","modified_gmt":"2024-11-07T16:10:28","slug":"tournee-2023","status":"publish","type":"page","link":"https:\/\/07052025.theatredesremparts.be\/index.php\/tournee-2023\/","title":{"rendered":"Saison 2024"},"content":{"rendered":"<div id=\"cmsmasters_row_kygokd575s\" class=\"cmsmasters_row cmsmasters_color_scheme_default cmsmasters_row_top_default cmsmasters_row_bot_default cmsmasters_row_boxed\">\n<div class=\"cmsmasters_row_outer_parent\">\n<div class=\"cmsmasters_row_outer\">\n<div class=\"cmsmasters_row_inner\">\n<div class=\"cmsmasters_row_margin\">\n<div id=\"cmsmasters_column_6cd5wi47xd\" class=\"cmsmasters_column one_first\">\n<div class=\"cmsmasters_column_inner\">\n<div id=\"cmsmasters_divider_u9am3ihwi\" class=\"cmsmasters_divider cmsmasters_divider_width_long cmsmasters_divider_pos_center\"><\/div>\n<div id=\"cmsmasters_heading_0elfjlztv\" class=\"cmsmasters_heading_wrap cmsmasters_heading_align_center\">\n\t<h3 class=\"cmsmasters_heading\">\u00ab Toutes les dates de notre tourn\u00e9e \u00bb<\/h3>\n<\/div><div class=\"aligncenter\"><div class=\"cmsmasters_img  cmsmasters_image_c\"><img decoding=\"async\" src=\"\" \/><\/div><\/div><div class=\"aligncenter\"><div class=\"cmsmasters_img  cmsmasters_image_c\"><img decoding=\"async\" src=\"https:\/\/07052025.theatredesremparts.be\/wp-content\/uploads\/2017\/06\/CF1E8F321BA1382D363C2EF011B1B6AAF1979407D0BD15Epimgpsh_fullsize_distr.png\" alt=\"new\" \/><\/div><\/div>\n<div id=\"portfolio_ci71jd4b2\" class=\"cmsmasters_wrap_portfolio entry-summary\" data-layout=\"grid\" data-layout-mode=\"perfect\" data-url=\"https:\/\/07052025.theatredesremparts.be\/wp-content\/plugins\/cmsmasters-content-composer\/\" data-orderby=\"date\" data-order=\"ASC\" data-count=\"13\" data-categories=\"saison-2024\" data-metadata=\"title,excerpt,categories,rollover,more\"><div class=\"cmsmasters_project_filter_wrap cmsmasters_items_filter_wrap\">\r\n\t\t\t<div class=\"cmsmasters_project_filter cmsmasters_items_filter\">\r\n\t\t\t\t<span class=\"cmsmasters_project_filter_loader cmsmasters_items_filter_loader\"><\/span><div class=\"cmsmasters_project_sort_block cmsmasters_items_sort_block\">\r\n\t\t\t\t\t\t<a href=\"#\" name=\"project_name\" title=\"Name\" class=\"button cmsmasters_project_sort_but cmsmasters_items_sort_but cmsmasters_theme_icon_slide_bottom\">\r\n\t\t\t\t\t\t\t<span>Name<\/span>\r\n\t\t\t\t\t\t<\/a>\r\n\t\t\t\t\t\t<a href=\"#\" name=\"project_date\" title=\"Date\" class=\"button cmsmasters_project_sort_but cmsmasters_items_sort_but cmsmasters_theme_icon_slide_bottom current\">\r\n\t\t\t\t\t\t\t<span>Date<\/span>\r\n\t\t\t\t\t\t<\/a>\r\n\t\t\t\t\t<\/div><div class=\"cmsmasters_project_filter_block cmsmasters_items_filter_block\">\r\n\t\t\t\t\t\t<a class=\"cmsmasters_project_filter_but cmsmasters_items_filter_but cmsmasters_theme_icon_resp_nav button\">\r\n\t\t\t\t\t\t\t<span>Filter<\/span>\r\n\t\t\t\t\t\t<\/a>\r\n\t\t\t\t\t\t<ul class=\"cmsmasters_project_filter_list cmsmasters_items_filter_list\">\r\n\t\t\t\t\t\t\t<li class=\"current\">\r\n\t\t\t\t\t\t\t\t<a class=\"button\" data-filter=\"article.project\"  title=\"All Categories\" href=\"javascript:void(0)\">\r\n\t\t\t\t\t\t\t\t\t<span>All Categories<\/span>\r\n\t\t\t\t\t\t\t\t<\/a>\r\n\t\t\t\t\t\t\t<\/li><li>\r\n\t\t\t\t\t\t\t\t\t\t<a class=\"button\" href=\"#\" data-filter=\"article.project[data-category~='saison-2024']\" title=\"Saison 2024\">\r\n\t\t\t\t\t\t\t\t\t\t\t<span>Saison 2024<\/span>\r\n\t\t\t\t\t\t\t\t\t\t<\/a>\r\n\t\t\t\t\t\t\t\t\t<\/li><\/ul>\r\n\t\t\t\t\t<\/div><\/div>\r\n\t\t<\/div><div class=\"portfolio grid large_gap perfect cmsmasters_5\"><!-- Start Project Grid Article -->\r\n<article id=\"post-17392\" class=\"cmsmasters_project_grid post-17392 project type-project status-publish format-standard has-post-thumbnail hentry pj-categs-saison-2024\" data-category=\"saison-2024\">\r\n\t<div class=\"project_outer\">\r\n\t<div class=\"project_img_wrap\"><figure class=\"cmsmasters_img_rollover_wrap preloader\"><img loading=\"lazy\" decoding=\"async\" width=\"300\" height=\"300\" src=\"https:\/\/07052025.theatredesremparts.be\/wp-content\/uploads\/2024\/11\/Theatre-Hotel-de-la-derniere-chance-vendredi-20-decembre-20242-800x415-1-300x300.png\" class=\"full-width wp-post-image\" alt=\"ESPACE 23 &#8211; H\u00f4tel de la derni\u00e8re chance\" title=\"Th\u00e9\u00e2tre Hotel de la derni\u00e8re chance vendredi 20 d\u00e9cembre 20242-800x415\" srcset=\"https:\/\/07052025.theatredesremparts.be\/wp-content\/uploads\/2024\/11\/Theatre-Hotel-de-la-derniere-chance-vendredi-20-decembre-20242-800x415-1-300x300.png 300w, https:\/\/07052025.theatredesremparts.be\/wp-content\/uploads\/2024\/11\/Theatre-Hotel-de-la-derniere-chance-vendredi-20-decembre-20242-800x415-1-150x150.png 150w, https:\/\/07052025.theatredesremparts.be\/wp-content\/uploads\/2024\/11\/Theatre-Hotel-de-la-derniere-chance-vendredi-20-decembre-20242-800x415-1-70x70.png 70w, https:\/\/07052025.theatredesremparts.be\/wp-content\/uploads\/2024\/11\/Theatre-Hotel-de-la-derniere-chance-vendredi-20-decembre-20242-800x415-1-360x360.png 360w\" sizes=\"(max-width: 300px) 100vw, 300px\" \/><div class=\"cmsmasters_img_rollover\"><a href=\"https:\/\/07052025.theatredesremparts.be\/index.php\/project\/espace-23-hotel-de-la-derniere-chance\/\" title=\"ESPACE 23 &#8211; H\u00f4tel de la derni\u00e8re chance\" class=\"cmsmasters_open_post_link cmsmasters_theme_icon_post_link\"><\/a><\/div><\/figure><\/div><div class=\"cmsmasters_project_cont_info entry-meta\"><span class=\"cmsmasters_project_category\"><a href=\"https:\/\/07052025.theatredesremparts.be\/index.php\/pj-categs\/saison-2024\/\" class=\"cmsmasters_cat_color cmsmasters_cat_49\" rel=\"category tag\">Saison 2024<\/a><\/span><\/div><header class=\"cmsmasters_project_header entry-header\"><h3 class=\"cmsmasters_project_title entry-title\"><a href=\"https:\/\/07052025.theatredesremparts.be\/index.php\/project\/espace-23-hotel-de-la-derniere-chance\/\">ESPACE 23 &#8211; H\u00f4tel de la derni\u00e8re chance<\/a><\/h3><\/header><div class=\"cmsmasters_project_content entry-content\">\n<p>20 d\u00e9cembre 2024<br \/>\nHoraire: 20h00<\/p>\n<\/div>\n<footer class=\"cmsmasters_project_footer entry-meta\"><a class=\"cmsmasters_project_read_more\" href=\"https:\/\/07052025.theatredesremparts.be\/index.php\/project\/espace-23-hotel-de-la-derniere-chance\/\">En savoir plus...<\/a><\/footer><span class=\"dn meta-date\">20240611124032<\/span>\t<\/div>\r\n<\/article>\r\n<!-- Finish Project Grid Article -->\r\n\r\n<!-- Start Project Grid Article -->\r\n<article id=\"post-17507\" class=\"cmsmasters_project_grid post-17507 project type-project status-publish format-standard has-post-thumbnail hentry pj-categs-saison-2024\" data-category=\"saison-2024\">\r\n\t<div class=\"project_outer\">\r\n\t<div class=\"project_img_wrap\"><figure class=\"cmsmasters_img_rollover_wrap preloader\"><img loading=\"lazy\" decoding=\"async\" width=\"300\" height=\"300\" src=\"https:\/\/07052025.theatredesremparts.be\/wp-content\/uploads\/2024\/12\/Theatre-Hotel-de-la-derniere-chance-samedi-21-decembre-20242-800x415-1-COMPLET-300x300.png\" class=\"full-width wp-post-image\" alt=\"ESPACE 23 &#8211; H\u00f4tel de la derni\u00e8re chance\" title=\"Theatre-Hotel-de-la-derniere-chance-samedi-21-decembre-20242-800x415-1 COMPLET\" srcset=\"https:\/\/07052025.theatredesremparts.be\/wp-content\/uploads\/2024\/12\/Theatre-Hotel-de-la-derniere-chance-samedi-21-decembre-20242-800x415-1-COMPLET-300x300.png 300w, https:\/\/07052025.theatredesremparts.be\/wp-content\/uploads\/2024\/12\/Theatre-Hotel-de-la-derniere-chance-samedi-21-decembre-20242-800x415-1-COMPLET-150x150.png 150w, https:\/\/07052025.theatredesremparts.be\/wp-content\/uploads\/2024\/12\/Theatre-Hotel-de-la-derniere-chance-samedi-21-decembre-20242-800x415-1-COMPLET-70x70.png 70w, https:\/\/07052025.theatredesremparts.be\/wp-content\/uploads\/2024\/12\/Theatre-Hotel-de-la-derniere-chance-samedi-21-decembre-20242-800x415-1-COMPLET-360x360.png 360w, https:\/\/07052025.theatredesremparts.be\/wp-content\/uploads\/2024\/12\/Theatre-Hotel-de-la-derniere-chance-samedi-21-decembre-20242-800x415-1-COMPLET-580x580.png 580w\" sizes=\"(max-width: 300px) 100vw, 300px\" \/><div class=\"cmsmasters_img_rollover\"><a href=\"https:\/\/07052025.theatredesremparts.be\/index.php\/project\/espace-23-hotel-de-la-derniere-chance-3\/\" title=\"ESPACE 23 &#8211; H\u00f4tel de la derni\u00e8re chance\" class=\"cmsmasters_open_post_link cmsmasters_theme_icon_post_link\"><\/a><\/div><\/figure><\/div><div class=\"cmsmasters_project_cont_info entry-meta\"><span class=\"cmsmasters_project_category\"><a href=\"https:\/\/07052025.theatredesremparts.be\/index.php\/pj-categs\/saison-2024\/\" class=\"cmsmasters_cat_color cmsmasters_cat_49\" rel=\"category tag\">Saison 2024<\/a><\/span><\/div><header class=\"cmsmasters_project_header entry-header\"><h3 class=\"cmsmasters_project_title entry-title\"><a href=\"https:\/\/07052025.theatredesremparts.be\/index.php\/project\/espace-23-hotel-de-la-derniere-chance-3\/\">ESPACE 23 &#8211; H\u00f4tel de la derni\u00e8re chance<\/a><\/h3><\/header><div class=\"cmsmasters_project_content entry-content\">\n<p>21 d\u00e9cembre 2024<br \/>\nHoraire: 20h00<\/p>\n<\/div>\n<footer class=\"cmsmasters_project_footer entry-meta\"><a class=\"cmsmasters_project_read_more\" href=\"https:\/\/07052025.theatredesremparts.be\/index.php\/project\/espace-23-hotel-de-la-derniere-chance-3\/\">En savoir plus...<\/a><\/footer><span class=\"dn meta-date\">20241112181703<\/span>\t<\/div>\r\n<\/article>\r\n<!-- Finish Project Grid Article -->\r\n\r\n<\/div><div class=\"cmsmasters_wrap_more_projects cmsmasters_wrap_more_items\"><\/div><\/div>\n<\/div><\/div>\n<\/div>\n<\/div>\n<\/div>\n<\/div>\n<\/div>\n\n","protected":false},"excerpt":{"rendered":"","protected":false},"author":1,"featured_media":0,"parent":0,"menu_order":0,"comment_status":"closed","ping_status":"closed","template":"","meta":{"footnotes":""},"_links":{"self":[{"href":"https:\/\/07052025.theatredesremparts.be\/index.php\/wp-json\/wp\/v2\/pages\/16965"}],"collection":[{"href":"https:\/\/07052025.theatredesremparts.be\/index.php\/wp-json\/wp\/v2\/pages"}],"about":[{"href":"https:\/\/07052025.theatredesremparts.be\/index.php\/wp-json\/wp\/v2\/types\/page"}],"author":[{"embeddable":true,"href":"https:\/\/07052025.theatredesremparts.be\/index.php\/wp-json\/wp\/v2\/users\/1"}],"replies":[{"embeddable":true,"href":"https:\/\/07052025.theatredesremparts.be\/index.php\/wp-json\/wp\/v2\/comments?post=16965"}],"version-history":[{"count":28,"href":"https:\/\/07052025.theatredesremparts.be\/index.php\/wp-json\/wp\/v2\/pages\/16965\/revisions"}],"predecessor-version":[{"id":17486,"href":"https:\/\/07052025.theatredesremparts.be\/index.php\/wp-json\/wp\/v2\/pages\/16965\/revisions\/17486"}],"wp:attachment":[{"href":"https:\/\/07052025.theatredesremparts.be\/index.php\/wp-json\/wp\/v2\/media?parent=16965"}],"curies":[{"name":"wp","href":"https:\/\/api.w.org\/{rel}","templated":true}]}}